tor of 77971 and 103.
103
What is the greatest common divisor of 66939 and 5883?
159
Calculate the greatest common divisor of 46990 and 790.
10
Calculate the highest common divisor of 122 and 1991406.
122
Calculate the greatest common factor of 66 and 87747.
33
Calculate the greatest common factor of 14604 and 156.
12
Calculate the greatest common factor of 6924 and 192.
12
What is the highest common divisor of 112 and 248?
8
Calculate the greatest common divisor of 112993 and 5415.
361
Calculate the greatest common divisor of 137061 and 873.
873
What is the greatest common divisor of 153 and 34767?
9
Calculate the highest common divisor of 54 and 198063.
9
What is the highest common divisor of 119492 and 64?
4
What is the greatest common factor of 234 and 780897?
39
What is the greatest common factor of 469315 and 55?
55
Calculate the greatest common factor of 390 and 6294.
6
What is the highest common divisor of 1330208 and 704?
352
Calculate the highest common factor of 13392 and 189648.
432
Calculate the greatest common divisor of 27 and 112533.
3
What is the greatest common divisor of 160977 and 3657?
69
Calculate the highest common factor of 15130 and 91670.
890
What is the greatest common divisor of 100 and 7?
1
What is the greatest common divisor of 770 and 3290?
70
Calculate the highest common divisor of 1727 and 109115.
157
Calculate the highest common factor of 25 and 2785.
5
What is the highest common divisor of 1647 and 97539?
183
What is the greatest common factor of 21 and 51485?
7
Calculate the highest common divisor of 51290 and 22.
2
Calculate the greatest common divisor of 1206 and 77988.
402
Calculate the highest common divisor of 7208 and 4982.
106
What is the greatest common divisor of 21264 and 120?
24
What is the greatest common divisor of 95046 and 448?
14
What is the highest common divisor of 1540 and 7964?
44
What is the highest common factor of 1095 and 224256?
219
What is the greatest common divisor of 93511 and 33?
11
What is the highest common factor of 61476 and 8084?
188
Calculate the greatest common factor of 3381 and 380121.
483
Calculate the highest common factor of 12012948 and 459.
459
What is the greatest common divisor of 30 and 2529740?
10
What is the highest common factor of 21 and 1820?
7
Calculate the greatest common factor of 190 and 112575.
95
Calculate the greatest common factor of 9449 and 209.
11
Calculate the highest common factor of 272 and 11492.
68
Calculate the highest common divisor of 38 and 904571.
19
Calculate the highest common divisor of 160 and 65530.
10
What is the greatest common factor of 5660 and 80?
20
Calculate the highest common factor of 2 and 24020.
2
What is the highest common factor of 48176 and 208?
16
What is the highest common factor of 1664 and 7176?
104
What is the greatest common divisor of 3422 and 6077?
59
Calculate the greatest common divisor of 1476 and 3321.
369
What is the highest common divisor of 56 and 233856?
56
Calculate the highest common factor of 22693 and 1034.
11
What is the highest common factor of 45396 and 13677?
291
Calculate the greatest common divisor of 3591 and 3478482.
1197
What is the highest common factor of 658851 and 87?
87
Calculate the greatest common divisor of 830812 and 1832.
916
What is the greatest common divisor of 87 and 7772?
29
What is the highest common factor of 1481 and 4?
1
What is the highest common factor of 54418 and 5382?
598
What is the highest common factor of 2055 and 140425?
685
What is the greatest common factor of 1495 and 63440?
65
Calculate the highest common factor of 192689 and 7.
7
What is the highest common factor of 5831 and 147?
49
What is the greatest common factor of 208 and 22672?
208
What is the highest common factor of 720157 and 45745?
1307
Calculate the greatest common factor of 1424 and 456392.
712
Calculate the highest common divisor of 854224 and 16.
16
Calculate the greatest common factor of 65075 and 30.
5
Calculate the highest common factor of 218 and 10573.
109
What is the highest common factor of 13804 and 952?
476
What is the highest common divisor of 11598 and 12?
6
Calculate the greatest common factor of 25857 and 1836.
153
Calculate the greatest common divisor of 84 and 153328.
28
What is the greatest common factor of 268448 and 32?
32
What is the highest common factor of 84 and 3396?
12
What is the highest common factor of 482 and 136647?
241
Calculate the greatest common factor of 29172 and 8602.
374
What is the highest common factor of 56840 and 870?
290
What is the highest common divisor of 164 and 82451?
41
What is the greatest common divisor of 8656 and 400?
16
Calculate the greatest common divisor of 2123 and 4873.
11
What is the greatest common divisor of 301 and 469?
7
What is the highest common factor of 790 and 560?
10
Calculate the greatest common factor of 1169 and 668.
167
Calculate the greatest common factor of 11700 and 572.
52
What is the highest common divisor of 1188990 and 36?
18
Calculate the greatest common factor of 862165 and 5.
5
What is the highest common factor of 5798 and 806?
26
What is the highest common factor of 382093 and 3151?
137
What is the greatest common factor of 2849 and 56?
7
What is the highest common divisor of 57624 and 12?
12
What is the greatest common factor of 8532 and 1308?
12
What is the highest common divisor of 3580 and 74106?
358
Calculate the highest common divisor of 2936 and 16.
8
What is the greatest common factor of 285 and 600?
15
What is the highest common divisor of 11 and 59?
1
What is the highest common factor of 6130 and 2892134?
1226
Calculate the highest common divisor of 994 and 2954.
14
What is the highest common factor of 154 and 10551156?
154
What is the highest common factor of 338 and 776724?
338
What is the greatest common factor of 525 and 697425?
75
What is the greatest common factor of 254275 and 175?
175
Calculate the highest common factor of 4472 and 1253837.
559
Calculate the highest common divisor of 508720 and 540.
20
Calculate the greatest common factor of 5978 and 742.
14
Calculate the greatest common factor of 11 and 46387.
11
What is the highest common factor of 194 and 368309?
97
What is the highest common divisor of 11640 and 32740?
20
Calculate the highest common divisor of 56729 and 17.
17
Calculate the highest common factor of 24 and 12928.
8
What is the highest common factor of 380590 and 10?
10
Calculate the highest common factor of 1564 and 1431842.
782
Calculate the greatest common factor of 169 and 82771.
13
What is the highest common factor of 220156 and 46?
46
Calculate the greatest common factor of 565460 and 40.
20
What is the greatest common factor of 13532 and 493?
17
What is the greatest common factor of 54 and 39717?
27
What is the greatest common divisor of 357 and 14777?
7
Calculate the highest common factor of 62 and 15208631.
31
Calculate the greatest common factor of 18836 and 646.
34
Calculate the highest common factor of 152009 and 143.
143
Calculate the highest common divisor of 175 and 172543.
7
Calculate the highest common factor of 6 and 230952.
6
Calculate the greatest common factor of 502 and 82579.
251
What is the highest common factor of 53714 and 18825?
251
Calculate the greatest common divisor of 121401 and 47.
47
Calculate the highest common factor of 16792 and 964.
4
Calculate the highest common divisor of 82325 and 2405.
185
Calculate the highest common divisor of 7533 and 155.
31
What is the greatest common factor of 537 and 593206?
179
What is the greatest common factor of 301180 and 820?
20
What is the greatest common divisor of 537 and 8673?
3
Calculate the greatest common divisor of 2682 and 9702.
18
What is the greatest common factor of 17801 and 21?
7
Calculate the greatest common factor of 34 and 69649.
17
What is the highest common factor of 573877 and 164?
41
What is the greatest common divisor of 380357 and 164?
41
What is the highest common divisor of 761685 and 170?
85
Calculate the highest common divisor of 1975 and 22856675.
1975
What is the greatest common factor of 442 and 35984?
26
What is the highest common divisor of 299 and 70655?
13
What is the greatest common divisor of 2390 and 33938?
478
Calculate the highest common factor of 34904 and 2